)/(1/42)?
17
Suppose 8*n - 5*i = 13*n - 405, -n + 5*i = -81. What is the remainder when 1161 is divided by n?
27
Suppose -28 = 13*b - 2. Let d be (-1)/(b - (-7)/4). Suppose -d*n - 2*g + 226 = 0, 2*n + 0*g + 3*g - 119 = 0. Calculate the remainder when n is divided by 14.
13
Suppose 274 = 2*r - 350. Let b = r - 292. Calculate the remainder when 77 is divided by b.
17
Suppose -5*z + 38*z = 5973. What is the remainder when z is divided by 24?
13
Suppose i + 64 = 3*x + 89, i - 24 = 4*x. Calculate the remainder when (-650)/(-8) - 1/4 is divided by i.
25
Let y(f) = -64*f**2 - 2*f + 7. Calculate the remainder when 4967 is divided by y(0).
4
Suppose 0 = -4*l - 5*h + 35, 3*l - 18 = -0*l - h. Let b(o) = -13*o**2 + 5*o - 4. Let c be b(l). What is the remainder when 39 is divided by (-3)/(-21) - c/28?
6
Let k be 4*(-4)/(-16) + -1. Suppose 3*w + 2*w = k. Suppose -9*a + 493 + 668 = w. What is the remainder when a is divided by 22?
19
Let s(m) = -m**2 + 49*m + 67. Let d be s(50). Suppose -5*v + d*v = 204. What is the remainder when 61 is divided by v?
10
Suppose 7*y + 39 = 354. Let z = y + -14. Suppose -5*t = -m - z, 9 = 4*t - 3*m - 18. Calculate the remainder when 15 is divided by t.
3
Let j be 6/(-4) - ((-42)/4 - -7). Suppose 4*s = -z + 97, 2*s + j*z - z = 51. What is the remainder when 41 is divided by s?
18
Suppose 4*b + 3268 - 14893 = -3*s, 2*b - 5*s = 5871. What is the remainder when b is divided by 12?
9
Suppose -5*n + n = -136. Suppose 211 = 11*k - 8*k + 31. What is the remainder when k is divided by n?
26
Suppose c + 48 = -c. Suppose 4*d - 110 = 9*d + 5*p, 5*d = p - 80. Let u = d - c. What is the remainder when 53 is divided by u?
4
Suppose -5*a + 474 = 5*j - 1, 9 = -3*a. Calculate the remainder when 2155 is divided by j.
97
Let x = 246 - -194. Let d = -357 + x. What is the remainder when d is divided by 8?
3
Let r(m) = -24*m + 206. Let t(u) = -5*u**3 - 6*u**2 - 12*u - 8. What is the remainder when r(5) is divided by t(-2)?
22
Suppose -13 = -i - 3*w + 7, 2*i - 2*w = 0. Suppose -4*o - 16 = -i*o. Let n(l) = 3*l**2 - 38*l + 181. Calculate the remainder when n(7) is divided by o.
14
Suppose -96*s + 849 = 5*n - 92*s, n - 169 = -s. Calculate the remainder when n is divided by 15.
8
Suppose 0 = -5*a - 10, a + 54 + 84 = 2*g. Let y(t) = -56*t + 354. Calculate the remainder when g is divided by y(6).
14
Let q(d) = 109*d - 5. What is the remainder when q(4) is divided by 4/14 + (-864)/35*365/(-146)?
59
Suppose 3278 = 134*l + 126*l + 678. Suppose 0 = -3*h - 5 + 23. What is the remainder when l is divided by h?
4
Let t = -8441 - -8450. Calculate the remainder when 157 is divided by t.
4
Calculate the remainder when (-7)/((-105)/21780) - (2 - 1)/1 is divided by 133.
121
Suppose 0 = -0*w - w + 2*v + 20, -2 = v. Let u(o) = -12 + 11 - 4 + 2*o + 92. Calculate the remainder when u(-20) is divided by w.
15
Let w(d) = 82*d + 5180. What is the remainder when w(-25) is divided by 47?
28
Suppose 5*u = 4*m + 2492, -40*u + 38*u = -4*m - 992. Suppose -u = -5*x - 3*c, 4*c - 399 - 106 = -5*x. Calculate the remainder when x is divided by 26.
19
Suppose -35 = 46*c - 53*c. Calculate the remainder when ((-1235)/(-15) - c)*3 is divided by 59.
55
Calculate the remainder when 516 is divided by 4*(-4)/(259/(-35) - -7).
36
Suppose -99 + 1494 = 3*w. Let t = w + -374. Let g = 23 + 0. What is the remainder when t is divided by g?
22
Let o(w) = w**2 + 3*w - 25. Let k be o(7). Suppose -9*b + 4*b - k = -u, 0 = 4*b - 5*u + 15. Let s = b - -18. What is the remainder when 86 is divided by s?
6
Suppose 236*p - 249*p + 11505 = 0. Suppose 666 = 47*a - p. Calculate the remainder when 114 is divided by a.
15
Calculate the remainder when 1/(-6)*-2097 + (35/(-10))/7 is divided by 16.
13
Suppose -2*w + 34 + 148 = 0. Let f = 46 + -27. Calculate the remainder when w is divided by f.
15
Let j(c) = c**3 - 4*c**2 + 2*c + 9. Let r be j(3). Let b be (0 - r)*(-1408)/66. Let d = b + -86. Calculate the remainder when 122 is divided by d.
38
Suppose 113*f - 116*f + 4*z + 29 = 0, 19 = 3*f + z. Calculate the remainder when 31 is divided by f.
3
Calculate the remainder when 40688/32 + 0 - 7/2 is divided by 19.
14
Let a = 117 - 82. Let y(t) = 8*t**2 - 7*t + 5. Suppose 71 - 66 = 5*q. Calculate the remainder when a is divided by y(q).
5
Let p be (-2 + 15*42/(-12))*-26. Suppose 0 = 23*q - p - 538. What is the remainder when q is divided by 37?
11
Let d be 6/(-2)*(-4)/(-12). Let j be (3/(-4))/((-54)/2160). What is the remainder when j + -1 + (d - -1) is divided by 15?
14
Let p = 225 + -206. Let b = 611 + -349. Suppose 3*d - 4*m - b = -2*d, -5*m - 206 = -4*d. Calculate the remainder when d is divided by p.
16
Suppose -1013*j + 998*j + 28335 = 0. What is the remainder when j is divided by 22?
19
Suppose 1080 = 31*y + 89*y. What is the remainder when 42 is divided by y?
6
Let c(y) = -8*y + 311. Calculate the remainder when 269 is divided by c(34).
35
Let y = 359 - 209. Calculate the remainder when 60 is divided by (-4)/30 + ((-16960)/y)/(-8).
4
Let g(y) = y**2 - 59*y + 60. What is the remainder when g(61) is divided by 44?
6
What is the remainder when 116 is divided by 79 + -71 + (-1 - 4)?
2
Suppose t - 2290 = 5*x - 792, -5*x + 2936 = 2*t. Calculate the remainder when t is divided by 5.
3
What is the remainder when 7342 is divided by 5/(-6) - (334/30)/((-198)/495)?
25
Let a(y) = 2*y**2 + 20*y - 22. Let w be a(-11). Let o(u) = -5*u + u**2 + w*u**2 - 5*u + 9*u - 2. What is the remainder when 19 is divided by o(4)?
9
Let w = 161 + -191. Let n = w + 93. Suppose -5*y + 1013 = -y - 3*k, -4*k = 12. Calculate the remainder when y is divided by n.
62
Let j(i) = 3*i**2 - 3*i + 2. What is the remainder when 374 is divided by j(8)?
34
Suppose 15507 + 2467 = 38*c. What is the remainder when c is divided by 152?
17
Let s(k) = -3*k**3 + k**2 + k + 112. Suppose -4*x - 4*i = -0*x - 4, -3*x + 4*i - 4 = 0. What is the remainder when s(x) is divided by (-3)/30*-236 - 15/25?
20
Suppose 5 = 16*w - 11*w. Suppose 5*b + 4*r = 226, 3*r = 2*r - w. Suppose b + 110 = 4*c. What is the remainder when 77 is divided by c?
38
Suppose 4218 = 51*h + 63*h - 95*h. What is the remainder when h is divided by 128?
94
What is the remainder when 5431 is divided by -10 - (6/(-22) - 178695/2299)?
59
Suppose 36 = 3*g + 3*m, 13*g + 5*m + 20 = 16*g. Calculate the remainder when 926 is divided by g.
6
Let u(c) = 6*c**3 - c**2 - 2*c. Let j be u(-1). Let r(n) = -6*n**3 - 9*n**2 - 26*n + 3. What is the remainder when r(j) is divided by 60?
58
Suppose 4*q = -4*z + 9*z + 8971, -3*z + 13425 = 6*q. What is the remainder when q is divided by 56?
55
Suppose -8*v - 2*x + 34 = -10*v, 4*x + 103 = -5*v. Let u(r) = -r**2 - 20*r - 10. What is the remainder when 78 is divided by u(v)?
6
Let y = -461 - -724. What is the remainder when y is divided by 29?
2
Suppose o - 149 = 5*m - 1932, 3*m = -4*o + 1056. Calculate the remainder when m is divided by 52.
44
Let x(l) = 38*l**2 - 3*l + 46. What is the remainder when x(-6) is divided by 5?
2
Let q = 0 - -1. What is the remainder when -4 - -4 - (-125)/q is divided by (0 - 8 - -1)/((-61)/61)?
6
Suppose 3856*o - 3873*o = -5712. What is the remainder when o is divided by 120?
96
Suppose -12*z + 732 = -1692. Let i = -173 + z. Calculate the remainder when i is divided by 18.
11
Let n = 36 - 38. What is the remainder when (-308)/(-6) + 3/(-9) is divided by (-6)/(n/12*4)?
6
Let n be (-6 - -2)*14/(-4). Let x = n - 2. Let v(l) = l**2 - 12*l + 10. What is the remainder when 108 is divided by v(x)?
8
Let w = -16146 - -16228. Let u be (15/9)/((-2)/(-42)). Calculate the remainder when w is divided by u*-4*(-1)/5.
26
Suppose 31962 = -8*g + 195156 + 38150. Calculate the remainder when g is divided by 217.
213
Suppose 214*v = 209*v + 180. Calculate the remainder when 0 + (247 - 12/(-6)) is divided by v.
33
Let r = 50 - 17. Suppose 5*s = -4*o + 468, 0 = s - 56 + 60. What is the remainder when o is divided by r?
23
Let f = 21993 - 18327. Calculate the remainder when f is divided by 215.
11
Let y = 263 - 258. Suppose -2*k + y*c + 90 = 0, 0 = -k - 0*c - 2*c + 63. What is the remainder when 327 is divided by k?
52
Suppose 3*g + c + 867 = 926, 3*g = -3*c + 63. Calculate the remainder when 2276 is divided by g.
15
Let g = -10 - -13. Suppose g*a - 34 = -10. Calcula